ve of -j**3/3 - 9*j**2/2 - 9*j + 6024. Calculate w(d).
9
Let x be (1 - (-286)/18) + -14*16/(-2016). Let a(m) = -m**2 + 28*m - 200. Calculate a(x).
-13
Let j(u) be the second derivative of 1/3*u**4 - 1/20*u**5 + 5*u - 3/2*u**2 + 0*u**3 + 16. Calculate j(4).
-3
Let a(f) be the third derivative of -f**4/24 - f**3/3 - 8*f**2. Suppose 5*q - m - 2*m = 22, 4*q + 12 = -5*m. Suppose 5*z - 13 = q. Calculate a(z).
-5
Let a(o) be the second derivative of 2*o**4 - 5*o**3/6 + 2*o**2 + 18*o - 3. Calculate a(1).
23
Let a be (12/(-18))/(2*(-2)/6)*-11. Let d(w) = -w**2 - 5*w - 6. Calculate d(a).
-72
Let v(w) = -w**2 + 8*w - 6. Let o be ((-16)/10 - -2)*-115. Let l = 1017 - 1057. Let d = l - o. Calculate v(d).
6
Suppose -7*h - 72 = -13*h. Suppose 4*x + 4*y + h = 0, -6*y + 11*y = -3*x - 15. Suppose x = -24*g + 19*g. Let b(v) = -v**2 - v + 4. What is b(g)?
4
Suppose -117 = -34*p + 19. Suppose -y = 3*y, 3*y = p*u - 0*u. Let s(z) = z**2 + z - 23. What is s(u)?
-23
Let u(j) = -14 - 15 - j**2 - 16 - 23 + 75 + 9*j. Let b = -130 - -137. Calculate u(b).
21
Let p(w) = -111*w + 10316. Let g be p(93). Let l(v) be the first derivative of -v**3/3 - 5*v**2/2 + 8*v - 1. Calculate l(g).
-6
Suppose -1103 = 15*s - 1088. Let r(z) = 11*z**3 + z. Give r(s).
-12
Let z(g) = -g**2 - 11*g - 10. Suppose -52*t - 468 = -61*t. Suppose -48*l + 51*l = c + 19, 4*c = 4*l - t. Determine z(c).
0
Let c(x) = -x**2 + 3*x + 3. Let y(o) = -o**2 - 23*o - 52. Let a be y(-3). Suppose q - a = -0*q - 2*k, 2*q - 6 = -2*k. Determine c(q).
-7
Let x(g) = 66*g**3 + 5*g + 4. Suppose -s + 27*s + 4*t + 22 = 0, -4*s - 2 = 2*t. Calculate x(s).
-67
Suppose 10*w - 39 - 11 = 0. Suppose 5*y = -2*z + 20, 5*y - 4 = w*z - 19. Let l(a) = -a + a - 2*a. What is l(z)?
-10
Let s(c) be the first derivative of -c**2 + 4*c - 201. Give s(16).
-28
Suppose 3*z - f = 7, -f - 10 = -5*z + f. Let d(s) = -s**2 - 26*s - 23. Let q be d(-6). Let r(l) = -200*l + 1 + 107*l + q*l. Give r(z).
17
Let h be (1/2)/((-2)/20). Suppose 4*l - 165 = 4*o + 283, -3*l + 312 = 5*o. Let t(g) = -g + 208 - l - 106. Give t(h).
-2
Let y(l) = -5*l**3 + 2*l**2 - 2*l + 1. Let x be y(1). Let n(v) = v**3 + 13*v**2 - 5*v + 11. Let f be n(-13). Let i(r) = -70 + r + r + f. What is i(x)?
-2
Let n(y) = -y**2 + 6*y - 10. Let c(t) = -t**2 + 7*t - 10. Let q(k) = 4*c(k) - 3*n(k). Let o be (-2 + -5)*(-3 + 2). What is q(o)?
11
Let u be ((-2)/(-10))/(11/55). Let d(w) = -2*w**3 + 3*w**2 - w. Calculate d(u).
0
Let x(n) = -3*n**2 - 6*n + 4. Let g(q) = -6*q - 59. Let o(t) = -3*t - 30. Let b(a) = -3*g(a) + 7*o(a). Let s be b(-10). What is x(s)?
-5
Let b be (-4)/(-14) + 29/(203/12). Let u(p) = 5*p**b - 2*p + 5013 + 3*p - 5012. Give u(-2).
19
Let s(n) = -6*n - 26 - 11*n + 16 - 3*n - 9. Give s(3).
-79
Let m(q) = q**2 + q - 16. Suppose -4*p = 2*c - 837 + 177, -3*p - c = -493. Let x = 163 - p. Calculate m(x).
-16
Let i(c) be the second derivative of 1/20*c**5 + 1/6*c**3 + 0*c**2 + 0*c**4 + 0 - 30*c. Let m be (5/10)/((-2)/4). Determine i(m).
-2
Suppose 3*g - 38 = m, g = 4*g - 12. Let u(f) = -3*f**3 - 76*f**2 + 49*f - 86. What is u(m)?
-8
Let k(b) = -4*b**2 + b + 10. Let h(x) = 7*x**2 - 3*x - 22. Let q(i) = 3*h(i) + 5*k(i). Calculate q(6).
-4
Let b(o) be the second derivative of -4*o**3/3 - o. Let r(x) = -3*x + 8. Let a = -48 + 51. Let w be r(a). Calculate b(w).
8
Let j(o) = 6*o**2 - 3 - 6*o**2 + o**3 - 2*o**2 + o - o**2. Let z be j(3). Suppose -8*l + 92 - 36 = z. Let v(f) = f - 1. Give v(l).
6
Suppose -10*c - 12*c = -28*c. Let w(o) be the second derivative of 2*o**2 + c - 20*o - 1/6*o**3. What is w(4)?
0
Let v = 3365 - 3372. Let s(w) = -w**3 - 9*w**2 - 7*w - 5. Calculate s(v).
-54
Let m(u) = -2*u**3 + u**2 - 1. Suppose 0 = -5*v - 3*r - 15, -288*r = v - 291*r - 15. Determine m(v).
-1
Suppose -25*u + 32*u + 70 = 0. Let k be ((-72)/(-20) + -2)*u/(-4). Let l(i) = i**2 - i - 4. Calculate l(k).
8
Suppose 0 = 26*q - 113 + 140 + 51. Let p(h) = -h**3 - 7*h**2 + h + 4. Let o(d) = d**3 + 8*d**2 - 2*d - 5. Let m(j) = -3*o(j) - 4*p(j). Give m(q).
2
Let u(l) = l**2 - 11*l - 29. Let a(t) = 2*t**2 + 115*t - 1112. Let q be a(-66). Determine u(q).
-39
Let z = -197 + 225. Let r(o) = -54*o**2 - 1 - 6*o + z*o**2 + 27*o**2. Calculate r(7).
6
Let c(j) = -15*j + 1. Let v be c(0). Let q(p) = -52*p**2 - 66*p**2 + 108*p**2 - v - p**3. What is q(-10)?
-1
Let s(j) = 12*j**2 + 73515 - 3*j - 36754 - 36763 + 6*j**2. What is s(-1)?
19
Let i(c) = 2*c**2 - 3*c + 5. Let u(y) = 2*y**2 - 15*y - 292. Let k be u(-9). Calculate i(k).
40
Let r be 16/(1/(1/2)). Let p(c) = -22 + 5 + 10 - 3*c**2 + 6*c - c**3 + r. Give p(-4).
-7
Let l(r) = -4*r**3 - 6*r**2 - 26*r - 35. Let t(k) = k**3 + 4*k + 1. Let o(n) = l(n) + 3*t(n). What is o(-5)?
13
Let q(z) = -4*z + 30. Let m = -1199 + 1203. Determine q(m).
14
Let u(g) = -g**2 - g + 1. Let c(o) = 7*o**2 + 3 + 7*o**2 - 2*o**2 - 5*o**2 - 2*o. Let x(b) = c(b) + 6*u(b). Let h(f) = -3*f - 3. Let r be h(-3). Give x(r).
-3
Let c(b) = -5*b + 2. Let z = -61 + 89. Suppose -2*s - 20 = -7*s, 5*s = -4*g + z. Calculate c(g).
-8
Let h(b) be the second derivative of -b**5/4 - b**4/12 - b**3/3 + b**2/2 - b + 3108. Give h(-2).
41
Suppose 2*q = -8*q + 20. Let m(f) = f**3 + 4 + 6 + 0*f**2 + f - q*f**2 - 5*f**2. Determine m(7).
17
Let l(c) = -233*c**2 - 226*c**2 - 7 + 458*c**2 - 6*c**3. Let u(m) = -7*m**3 - m**2 - 8. Let f(w) = -6*l(w) + 5*u(w). Give f(2).
14
Let l(r) be the second derivative of -r**6/180 + r**5/40 + 25*r**3/3 + r**2/2 + 68*r. Let m(a) be the second derivative of l(a). Calculate m(3).
-9
Let x(i) = i**2 - 4*i - 2. Let w(k) = -k**3 + 80*k**2 + 176*k - 978. Let r be w(82). Determine x(r).
10
Let r(q) = -2*q**3 + 2*q**2 - q. Let n be 6/(-5*1/(-5)). Suppose -4*z = n*z. Suppose z*x = -2*x + 2. Determine r(x).
-1
Let m be 17 + -18 - (2/4 + 20/8). Let r(b) = -5*b - 25. Give r(m).
-5
Let c(f) be the first derivative of -f**4/4 - 2*f**3 + 4*f**2 - 2*f + 802. Give c(-7).
-9
Let t = 4 - 3. Let h(n) be the third derivative of 7*n**4/12 - n**3/3 + 8335*n**2. Calculate h(t).
12
Let s(v) = 7*v - 196. Let z be s(36). Let t be 32/z + ((-9)/(-21) - -2). Let a(g) = g**3 - 4*g**2 + 3*g + 3. Calculate a(t).
3
Let g(i) = 8*i + 105. Let a = -2586 + 2572. What is g(a)?
-7
Suppose -4*g = -9*g + 6*g - 1. Let p(a) = 18*a - 22. Give p(g).
-4
Let w(v) = -2*v**3 - 14*v**2 + 16*v + 5. Let f be (-16)/(-64) - ((-294)/(-24) + -4). Give w(f).
5
Suppose -3*g = -15 - 0, n - g + 2 = 0. Let k be (-10)/(-70) + 40/14. Let h(o) = -81 - 79 - k*o + 162 - 3*o. Give h(n).
-16
Let f(k) = 3*k**2 - 17*k + 35. Let u(v) = 10*v**2 - 52*v + 105. Let l(p) = -7*f(p) + 2*u(p). Give l(10).
15
Let u = -6443 - -6443. Let s(n) be the third derivative of 1/2*n**3 + u*n + 1/60*n**5 - 1/12*n**4 - 12*n**2 + 0. Determine s(2).
3
Let h(j) = 1 + 2758*j**2 - 686*j**2 - 689*j**2 - 691*j**2 - 689*j**2. Suppose -6*r = 4 + 2. Determine h(r).
4
Let f(k) = -k**2 + 5*k - 2. Let o(t) = t**3 - 7*t**2 - t + 10. Let r be o(5). Let w = r + 75. Let s = w - 26. Give f(s).
2
Let u(z) = -17*z**3 - z. Let j be (24/32)/((-1)/(-12)). Suppose j*r - 23 + 14 = 0. Calculate u(r).
-18
Let k(d) = -3*d**3 + d**2 - d - 1. Suppose 4*i + 2*x = -23 - 9, 4*i - 5*x = -46. Let q be ((-21)/63)/((-3)/i). Determine k(q).
4
Let f = 13190 - 13204. Let b(a) = -9*a - 49. Give b(f).
77
Let w be (-7 + -1)/(-16)*-10. Let y(a) = 2*a**3 + 5*a**2 - 9*a - 2. Let z(x) = -3*x**3 - 11*x**2 + 19*x + 5. Let g(b) = w*y(b) - 3*z(b). Calculate g(6).
-5
Let p(k) = 2*k**3 - k**3 - 155*k - 86 + 183*k + 0*k**3 - 26*k**2 + 0*k**3. What is p(25)?
-11
Let o(r) = -r**3 - 74*r**2 + 12*r + 298. Let l(h) = -h**3 - 72*h**2 + 11*h + 298. Let j(f) = -7*l(f) + 6*o(f). Calculate j(-60).
2
Let i be 14/189*114 + 4/(-9). Suppose i*q = 3*q + 2*t - 30, 2*t - 24 = 4*q. Let b(f) = -f**2 - 5*f + 3. What is b(q)?
-3
Let r(y) = -y**2 + 25*y - 150. Suppose 537*w - 512*w - 275 = 0. Determine r(w).
4
Let c(r) = 21 - 1596*r - 1624*r + 3227*r + 3. Determine c(-13).
-67
Let d(f) be the second derivative of f**6/720 + 7*f**5/60 - 13*f**4/3 - 2*f + 16. Let m(u) be the third derivative of d(u). Calculate m(0).
14
Suppose -2*s - 172*m + 8 = -170*m, 4*s = 3*m - 12. Let c(b) = b**3 + 9*b**2 + 3. What is c(s)?
3
Let b(w) = 2. Let m(l) = -5*l + 6. Let h = -149 + 151. Let i(f) = h*b(f) - m(f). Let o(u) = -u**3 - 2*u**2 - 2*u - 2. Let c be o(-2). Determine i